{"id":2987,"date":"2018-03-15T11:53:25","date_gmt":"2018-03-15T10:53:25","guid":{"rendered":"http:\/\/www.gosat-africa.com\/?page_id=2987"},"modified":"2018-04-24T17:04:54","modified_gmt":"2018-04-24T15:04:54","slug":"videos","status":"publish","type":"page","link":"https:\/\/www.gosat-africa.com\/index.php\/videos\/","title":{"rendered":"Videos"},"content":{"rendered":"\t\t\t<div class=\"yotu-playlist yotuwp yotu-limit-min yotu-limit-max   yotu-thumb-43  yotu-template-grid\" data-yotu=\"69f625392f47a\" data-page=\"1\" id=\"yotuwp-69f625392eee4\" data-total=\"1\" data-settings=\"eyJ0eXBlIjoicGxheWxpc3QiLCJpZCI6IlVVbUxDOWtpdFNwdWpjYmFqZGxGLXhXdyIsInBhZ2luYXRpb24iOiJvbiIsInBhZ2l0eXBlIjoicGFnZXIiLCJjb2x1bW4iOiIzIiwicGVyX3BhZ2UiOiIxMiIsInRlbXBsYXRlIjoiZ3JpZCIsInRpdGxlIjoib24iLCJkZXNjcmlwdGlvbiI6Im9uIiwidGh1bWJyYXRpbyI6IjQzIiwibWV0YSI6Im9mZiIsIm1ldGFfZGF0YSI6Im9mZiIsIm1ldGFfcG9zaXRpb24iOiJvZmYiLCJkYXRlX2Zvcm1hdCI6Im9mZiIsIm1ldGFfYWxpZ24iOiJvZmYiLCJzdWJzY3JpYmUiOiJvZmYiLCJkdXJhdGlvbiI6Im9mZiIsIm1ldGFfaWNvbiI6Im9mZiIsIm5leHR0ZXh0IjoiIiwicHJldnRleHQiOiIiLCJsb2FkbW9yZXRleHQiOiIiLCJwbGF5ZXIiOnsibW9kZSI6ImxhcmdlIiwid2lkdGgiOiI2MDAiLCJzY3JvbGxpbmciOiIxMDAiLCJhdXRvcGxheSI6MCwiY29udHJvbHMiOjEsIm1vZGVzdGJyYW5kaW5nIjoxLCJsb29wIjowLCJhdXRvbmV4dCI6MCwic2hvd2luZm8iOjEsInJlbCI6MSwicGxheWluZyI6MCwicGxheWluZ19kZXNjcmlwdGlvbiI6MCwidGh1bWJuYWlscyI6MCwiY2NfbG9hZF9wb2xpY3kiOjAsImNjX2xhbmdfcHJlZiI6MCwiaGwiOjAsIml2X2xvYWRfcG9saWN5IjowfSwibGFzdF90YWIiOiJzZXR0aW5ncyIsInVzZV9hc19tb2RhbCI6Im9mZiIsIm1vZGFsX2lkIjoib2ZmIiwibGFzdF91cGRhdGUiOiIiLCJzdHlsaW5nIjp7InBhZ2VyX2xheW91dCI6ImRlZmF1bHQiLCJidXR0b24iOiIzIiwiYnV0dG9uX2NvbG9yIjoiIiwiYnV0dG9uX2JnX2NvbG9yIjoiIiwiYnV0dG9uX2NvbG9yX2hvdmVyIjoiIiwiYnV0dG9uX2JnX2NvbG9yX2hvdmVyIjoiIiwidmlkZW9fc3R5bGUiOiIiLCJwbGF5aWNvbl9jb2xvciI6IiIsImhvdmVyX2ljb24iOiIiLCJnYWxsZXJ5X2JnIjoiIn0sImVmZmVjdHMiOnsidmlkZW9fYm94IjoiIiwiZmxpcF9lZmZlY3QiOiIifSwiZ2FsbGVyeV9pZCI6IjY5ZjYyNTM5MmVlZTQiLCJuZXh0IjoiIiwicHJldiI6IiJ9\" data-player=\"large\" data-showdesc=\"on\">\n\t\t\t\t<div>\n\t\t\t\t\t\t\t\t\t\t<div class=\"yotu-wrapper-player\" style=\"width:600px\">\n\t\t\t\t\t\t\t\t\t\t\t\t<div class=\"yotu-player\">\n\t\t\t\t\t\t\t<div class=\"yotu-video-placeholder\" id=\"yotu-player-69f625392f47a\"><\/div>\n\t\t\t\t\t\t<\/div>\n\t\t\t\t\t\t<div class=\"yotu-playing-status\"><\/div>\n\t\t\t\t\t\t\t\t\t\t\t<\/div>\n\n\t\t\t\t\t<div class=\"yotu-pagination yotu-hide yotu-pager_layout-default yotu-pagination-top\">\n<a href=\"#\" class=\"yotu-pagination-prev yotu-button-prs yotu-button-prs-3\" data-page=\"prev\">Prev<\/a>\n<span class=\"yotu-pagination-current\">1<\/span> <span>of<\/span> <span class=\"yotu-pagination-total\">1<\/span>\n<a href=\"#\" class=\"yotu-pagination-next yotu-button-prs yotu-button-prs-3\" data-page=\"next\">Next<\/a>\n<\/div>\n<div class=\"yotu-videos yotu-mode-grid yotu-column-3 yotu-player-mode-large\">\n\t<ul>\n\t\t\t\t\t<li class=\" yotu-first\">\n\t\t\t\t\t\t\t\t<a href=\"#4jZnODPNkLc\" class=\"yotu-video\" data-videoid=\"4jZnODPNkLc\" data-title=\"R\u00e9duction de la facture num\u00e9rique et internet pour tous gr\u00e2ce \u00e0 GoSat\" title=\"R\u00e9duction de la facture num\u00e9rique et internet pour tous gr\u00e2ce \u00e0 GoSat\">\n\t\t\t\t\t<div class=\"yotu-video-thumb-wrp\">\n\t\t\t\t\t\t<div>\n\t\t\t\t\t\t\t\t\t\t\t\t\t\t<img class=\"yotu-video-thumb\" src=\"https:\/\/i.ytimg.com\/vi\/4jZnODPNkLc\/sddefault.jpg\" alt=\"R\u00e9duction de la facture num\u00e9rique et internet pour tous gr\u00e2ce \u00e0 GoSat\">\t\n\t\t\t\t\t\t\t\t\t\t\t\t\t<\/div>\n\t\t\t\t\t<\/div>\n\t\t\t\t\t\t\t\t\t\t\t<h3 class=\"yotu-video-title\">R\u00e9duction de la facture num\u00e9rique et internet pour tous gr\u00e2ce \u00e0 GoSat<\/h3>\n\t\t\t\t\t\t\t\t\t\t\t\t\t\t\t\t\t\t\t\t\t<div class=\"yotu-video-description\">Appels gratuits entre habitants de diff\u00e9rents villages,<br \/>\nFormation \u00e0 distance et cours en ligne, <br \/>\nInterconnexions VPN avec des structures de transfert d'argent, <br \/>\nAcc\u00e8s \u00e0 internet haut d\u00e9bit pour toute la population, <br \/>\nD\u00e9couvrez comment GoSat a permis \u00e0 cette entreprise de contribuer \u00e0 r\u00e9duire la facture num\u00e9rique au Cameroun. <br \/>\n<br \/>\nPour plus d'informations, visitez notre site web http:\/\/gosat-africa.com<\/div>\n\t\t\t\t\t\t\t\t\t<\/a>\n\t\t\t\t\t\t\t<\/li>\n\t\t\t\t\n\t\t\t\t\t\t<li class=\"\">\n\t\t\t\t\t\t\t\t<a href=\"#HSDP9Yjv7TM\" class=\"yotu-video\" data-videoid=\"HSDP9Yjv7TM\" data-title=\"Interview avec un utilisateur de GoSat\" title=\"Interview avec un utilisateur de GoSat\">\n\t\t\t\t\t<div class=\"yotu-video-thumb-wrp\">\n\t\t\t\t\t\t<div>\n\t\t\t\t\t\t\t\t\t\t\t\t\t\t<img class=\"yotu-video-thumb\" src=\"https:\/\/i.ytimg.com\/vi\/HSDP9Yjv7TM\/sddefault.jpg\" alt=\"Interview avec un utilisateur de GoSat\">\t\n\t\t\t\t\t\t\t\t\t\t\t\t\t<\/div>\n\t\t\t\t\t<\/div>\n\t\t\t\t\t\t\t\t\t\t\t<h3 class=\"yotu-video-title\">Interview avec un utilisateur de GoSat<\/h3>\n\t\t\t\t\t\t\t\t\t\t\t\t\t\t\t\t\t\t\t\t\t<div class=\"yotu-video-description\">Voici les commentaires d'un utilisateur du r\u00e9seau GoSat.<br \/>\n<br \/>\nChez GoSat, nos \u00e9quipes veillent \u00e0 ce que vous soyez toujours satisfait. <br \/>\n<br \/>\nPour plus d'informations sur GoSat, visitez notre site web http:\/\/gosat-africa.com<\/div>\n\t\t\t\t\t\t\t\t\t<\/a>\n\t\t\t\t\t\t\t<\/li>\n\t\t\t\t\n\t\t\t\t\t\t<li class=\"\">\n\t\t\t\t\t\t\t\t<a href=\"#A0vszDCytps\" class=\"yotu-video\" data-videoid=\"A0vszDCytps\" data-title=\"Dernier jour de la grande caravane de communication GoSat\" title=\"Dernier jour de la grande caravane de communication GoSat\">\n\t\t\t\t\t<div class=\"yotu-video-thumb-wrp\">\n\t\t\t\t\t\t<div>\n\t\t\t\t\t\t\t\t\t\t\t\t\t\t<img class=\"yotu-video-thumb\" src=\"https:\/\/i.ytimg.com\/vi\/A0vszDCytps\/sddefault.jpg\" alt=\"Dernier jour de la grande caravane de communication GoSat\">\t\n\t\t\t\t\t\t\t\t\t\t\t\t\t<\/div>\n\t\t\t\t\t<\/div>\n\t\t\t\t\t\t\t\t\t\t\t<h3 class=\"yotu-video-title\">Dernier jour de la grande caravane de communication GoSat<\/h3>\n\t\t\t\t\t\t\t\t\t\t\t\t\t\t\t\t\t\t\t\t\t<div class=\"yotu-video-description\">Dans le cadre de la grande caravane de communication visant \u00e0 promouvoir le kit de connexion internet haut d\u00e9bit GoSat \u00e0 travers le littoral, l'ouest et les principales villes de ces r\u00e9gions, nous nous retrouvons aujourd'hui dans un Hotel de la ville de Dschang<br \/>\n<br \/>\nPour plus d'informations, visitez notre site web http:\/\/gosat-africa.com<br \/>\n<br \/>\nPour voir les derni\u00e8res actualit\u00e9s de GoSat et Afrikanet, visitez notre blog http:\/\/afrikanet.com\/blog\/<br \/>\n<br \/>\nRestez connect\u00e9s!<\/div>\n\t\t\t\t\t\t\t\t\t<\/a>\n\t\t\t\t\t\t\t<\/li>\n\t\t\t\t\n\t\t\t\t\t\t<li class=\"\">\n\t\t\t\t\t\t\t\t<a href=\"#ZmzKPdYYOZ4\" class=\"yotu-video\" data-videoid=\"ZmzKPdYYOZ4\" data-title=\"GoSat au Cameroun - Internet de Qualit\u00e9 partout et pour tous\" title=\"GoSat au Cameroun - Internet de Qualit\u00e9 partout et pour tous\">\n\t\t\t\t\t<div class=\"yotu-video-thumb-wrp\">\n\t\t\t\t\t\t<div>\n\t\t\t\t\t\t\t\t\t\t\t\t\t\t<img class=\"yotu-video-thumb\" src=\"https:\/\/i.ytimg.com\/vi\/ZmzKPdYYOZ4\/hqdefault.jpg\" alt=\"GoSat au Cameroun - Internet de Qualit\u00e9 partout et pour tous\">\t\n\t\t\t\t\t\t\t\t\t\t\t\t\t<\/div>\n\t\t\t\t\t<\/div>\n\t\t\t\t\t\t\t\t\t\t\t<h3 class=\"yotu-video-title\">GoSat au Cameroun - Internet de Qualit\u00e9 partout et pour tous<\/h3>\n\t\t\t\t\t\t\t\t\t\t\t\t\t\t\t\t\t\t\t\t\t<div class=\"yotu-video-description\">Pas de connexion ? Vous avez des difficult\u00e9s \u00e0 vous connecter \u00e0 internet ? <br \/>\nGoSat a la solution pour vous !<br \/>\nO\u00fa que vous soyez, GoSat peut vous fournir une connexion internet de qualit\u00e9, stable, rapide et \u00e9conomique.<br \/>\n<br \/>\nPour plus d'informations, visitez notre site web http:\/\/gosat-africa.com<br \/>\n<br \/>\nVous pouvez \u00e9galement nous contacter par t\u00e9l\u00e9phone :<br \/>\nLittoral : 243 68 11 80<br \/>\nOuest : 243 85 13 43<\/div>\n\t\t\t\t\t\t\t\t\t<\/a>\n\t\t\t\t\t\t\t<\/li>\n\t\t\t\t\n\t\t\t\t\t\t<li class=\"\">\n\t\t\t\t\t\t\t\t<a href=\"#eG67jqVVNh4\" class=\"yotu-video\" data-videoid=\"eG67jqVVNh4\" data-title=\"GoSat vous pr\u00e9sente LeoSat - La r\u00e9volution est en marche\" title=\"GoSat vous pr\u00e9sente LeoSat - La r\u00e9volution est en marche\">\n\t\t\t\t\t<div class=\"yotu-video-thumb-wrp\">\n\t\t\t\t\t\t<div>\n\t\t\t\t\t\t\t\t\t\t\t\t\t\t<img class=\"yotu-video-thumb\" src=\"https:\/\/i.ytimg.com\/vi\/eG67jqVVNh4\/hqdefault.jpg\" alt=\"GoSat vous pr\u00e9sente LeoSat - La r\u00e9volution est en marche\">\t\n\t\t\t\t\t\t\t\t\t\t\t\t\t<\/div>\n\t\t\t\t\t<\/div>\n\t\t\t\t\t\t\t\t\t\t\t<h3 class=\"yotu-video-title\">GoSat vous pr\u00e9sente LeoSat - La r\u00e9volution est en marche<\/h3>\n\t\t\t\t\t\t\t\t\t\t\t\t\t\t\t\t\t\t\t\t\t<div class=\"yotu-video-description\">GoSat est fier de vous pr\u00e9senter LeoSat.<br \/>\n<br \/>\nPour plus d'informations sur GoSat, visitez notre site web http:\/\/gosat-africa.com\/<br \/>\n<br \/>\nPour plus d'informations sur LeoSat, visitez http:\/\/leosat.com\/ <br \/>\n<br \/>\nPour ne rien manquer des actuait\u00e9s de GoSat, suivez notre blog http:\/\/afrikanet.com\/blog\/<\/div>\n\t\t\t\t\t\t\t\t\t<\/a>\n\t\t\t\t\t\t\t<\/li>\n\t\t\t\t\n\t\t\t\t\t\t<li class=\"\">\n\t\t\t\t\t\t\t\t<a href=\"#ebvdeGSjW2k\" class=\"yotu-video\" data-videoid=\"ebvdeGSjW2k\" data-title=\"GoSat - A propos de Konnect Africa\" title=\"GoSat - A propos de Konnect Africa\">\n\t\t\t\t\t<div class=\"yotu-video-thumb-wrp\">\n\t\t\t\t\t\t<div>\n\t\t\t\t\t\t\t\t\t\t\t\t\t\t<img class=\"yotu-video-thumb\" src=\"https:\/\/i.ytimg.com\/vi\/ebvdeGSjW2k\/sddefault.jpg\" alt=\"GoSat - A propos de Konnect Africa\">\t\n\t\t\t\t\t\t\t\t\t\t\t\t\t<\/div>\n\t\t\t\t\t<\/div>\n\t\t\t\t\t\t\t\t\t\t\t<h3 class=\"yotu-video-title\">GoSat - A propos de Konnect Africa<\/h3>\n\t\t\t\t\t\t\t\t\t\t\t\t\t\t\t\t\t\t\t\t\t<div class=\"yotu-video-description\">English version available here : https:\/\/youtu.be\/ebvdeGSjW2k<br \/>\n<br \/>\nCette vid\u00e9o pr\u00e9sente notre partenaire Konnect Africa<br \/>\n<br \/>\nNotre site web : http:\/\/gosat-africa.com<br \/>\n<br \/>\nLe site web de Konnect Africa : http:\/\/konnect-africa.com<br \/>\n<br \/>\nLa cha\u00eene YouTube de Konnect Africa : https:\/\/www.youtube.com\/channel\/UCarSTnXjk7SsrMe51ILwEtg<\/div>\n\t\t\t\t\t\t\t\t\t<\/a>\n\t\t\t\t\t\t\t<\/li>\n\t\t\t\t\n\t\t\t\t\t\t<li class=\"\">\n\t\t\t\t\t\t\t\t<a href=\"#XRzoNcRRWmQ\" class=\"yotu-video\" data-videoid=\"XRzoNcRRWmQ\" data-title=\"GoSat presenting LeoSat\" title=\"GoSat presenting LeoSat\">\n\t\t\t\t\t<div class=\"yotu-video-thumb-wrp\">\n\t\t\t\t\t\t<div>\n\t\t\t\t\t\t\t\t\t\t\t\t\t\t<img class=\"yotu-video-thumb\" src=\"https:\/\/i.ytimg.com\/vi\/XRzoNcRRWmQ\/sddefault.jpg\" alt=\"GoSat presenting LeoSat\">\t\n\t\t\t\t\t\t\t\t\t\t\t\t\t<\/div>\n\t\t\t\t\t<\/div>\n\t\t\t\t\t\t\t\t\t\t\t<h3 class=\"yotu-video-title\">GoSat presenting LeoSat<\/h3>\n\t\t\t\t\t\t\t\t\t\t\t\t\t\t\t\t\t\t\t\t\t<div class=\"yotu-video-description\">GoSat introduces you the LeoSat project for the fastest ever satellite broadband.<\/div>\n\t\t\t\t\t\t\t\t\t<\/a>\n\t\t\t\t\t\t\t<\/li>\n\t\t\t\t\n\t\t\t\t\t\t<li class=\"\">\n\t\t\t\t\t\t\t\t<a href=\"#tRvBtQzb2vk\" class=\"yotu-video\" data-videoid=\"tRvBtQzb2vk\" data-title=\"GoSat au Cameroun\" title=\"GoSat au Cameroun\">\n\t\t\t\t\t<div class=\"yotu-video-thumb-wrp\">\n\t\t\t\t\t\t<div>\n\t\t\t\t\t\t\t\t\t\t\t\t\t\t<img class=\"yotu-video-thumb\" src=\"https:\/\/i.ytimg.com\/vi\/tRvBtQzb2vk\/sddefault.jpg\" alt=\"GoSat au Cameroun\">\t\n\t\t\t\t\t\t\t\t\t\t\t\t\t<\/div>\n\t\t\t\t\t<\/div>\n\t\t\t\t\t\t\t\t\t\t\t<h3 class=\"yotu-video-title\">GoSat au Cameroun<\/h3>\n\t\t\t\t\t\t\t\t\t\t\t\t\t\t\t\t\t\t\t\t\t<div class=\"yotu-video-description\">English subtitles available.<br \/>\n<br \/>\nVous \u00eates vous toujours demand\u00e9 comment est-ce que vous pouvez profiter du meilleur Haut D\u00e9bit au meilleur prix ? GoSat a la r\u00e9ponse.<br \/>\n<br \/>\nSi vous souhaitez plus d'informations :<br \/>\nWebsite : http:\/\/gosat-africa.com<br \/>\nWhatsApp : +44 7513 325 619<br \/>\nPhone : +44 186 540 8365<br \/>\nMail : hello@gosat-africa.com<\/div>\n\t\t\t\t\t\t\t\t\t<\/a>\n\t\t\t\t\t\t\t<\/li>\n\t\t\t\t\n\t\t\t\t\t\t<li class=\"\">\n\t\t\t\t\t\t\t\t<a href=\"#dYkgxF2dfcA\" class=\"yotu-video\" data-videoid=\"dYkgxF2dfcA\" data-title=\"D\u00e9couvrez GoSat sur Canal 2 International\" title=\"D\u00e9couvrez GoSat sur Canal 2 International\">\n\t\t\t\t\t<div class=\"yotu-video-thumb-wrp\">\n\t\t\t\t\t\t<div>\n\t\t\t\t\t\t\t\t\t\t\t\t\t\t<img class=\"yotu-video-thumb\" src=\"https:\/\/i.ytimg.com\/vi\/dYkgxF2dfcA\/sddefault.jpg\" alt=\"D\u00e9couvrez GoSat sur Canal 2 International\">\t\n\t\t\t\t\t\t\t\t\t\t\t\t\t<\/div>\n\t\t\t\t\t<\/div>\n\t\t\t\t\t\t\t\t\t\t\t<h3 class=\"yotu-video-title\">D\u00e9couvrez GoSat sur Canal 2 International<\/h3>\n\t\t\t\t\t\t\t\t\t\t\t\t\t\t\t\t\t\t\t\t\t<div class=\"yotu-video-description\">English subtitles are available <br \/>\n<br \/>\nVoici un reportage de la chaine Canal 2 International sur GoSat au Cameroun.<br \/>\nPour plus d'informations, visitez notre site web : http:\/\/gosat-africa.com<br \/>\nVous pouvez aussi nous contacter par t\u00e9l\u00e9phone au +44 1865 408 365<br \/>\nOu sur WhatsApp au +44 7513 325619<br \/>\nOu par mail at hello@gosat-africa.com<\/div>\n\t\t\t\t\t\t\t\t\t<\/a>\n\t\t\t\t\t\t\t<\/li>\n\t\t\t\t\n\t\t\t\t\t\t<li class=\" yotu-last\">\n\t\t\t\t\t\t\t\t<a href=\"#DOINYF5aVzs\" class=\"yotu-video\" data-videoid=\"DOINYF5aVzs\" data-title=\"GoSat - How does it work ?\" title=\"GoSat - How does it work ?\">\n\t\t\t\t\t<div class=\"yotu-video-thumb-wrp\">\n\t\t\t\t\t\t<div>\n\t\t\t\t\t\t\t\t\t\t\t\t\t\t<img class=\"yotu-video-thumb\" src=\"https:\/\/i.ytimg.com\/vi\/DOINYF5aVzs\/sddefault.jpg\" alt=\"GoSat - How does it work ?\">\t\n\t\t\t\t\t\t\t\t\t\t\t\t\t<\/div>\n\t\t\t\t\t<\/div>\n\t\t\t\t\t\t\t\t\t\t\t<h3 class=\"yotu-video-title\">GoSat - How does it work ?<\/h3>\n\t\t\t\t\t\t\t\t\t\t\t\t\t\t\t\t\t\t\t\t\t<div class=\"yotu-video-description\">Have you ever wondered how is GoSat able to provide you such a good, fast and reliable internet connection by satellite ? <br \/>\n<br \/>\nBy watching this video, you will understand how our services work and how we can provide you the best broadband, no matter where you are in Sub Saharan Africa.<\/div>\n\t\t\t\t\t\t\t\t\t<\/a>\n\t\t\t\t\t\t\t<\/li>\n\t\t\t\t\n\t\t\t\t<\/ul>\n<\/div><div class=\"yotu-pagination yotu-hide yotu-pager_layout-default yotu-pagination-bottom\">\n<a href=\"#\" class=\"yotu-pagination-prev yotu-button-prs yotu-button-prs-3\" data-page=\"prev\">Prev<\/a>\n<span class=\"yotu-pagination-current\">1<\/span> <span>of<\/span> <span class=\"yotu-pagination-total\">1<\/span>\n<a href=\"#\" class=\"yotu-pagination-next yotu-button-prs yotu-button-prs-3\" data-page=\"next\">Next<\/a>\n<\/div>\n\t\t\t\t<\/div>\n\t\t\t<\/div>\n\t\t\t\n","protected":false},"excerpt":{"rendered":"Prev 1 of 1 Next R\u00e9duction de la facture num\u00e9rique et internet pour tous gr\u00e2ce \u00e0 GoSat Appels gratuits entre habitants de diff\u00e9rents villages, Formation \u00e0 distance et cours en ligne, Interconnexions VPN avec des structures de transfert d'argent, Acc\u00e8s \u00e0 internet haut d\u00e9bit pour toute la population, D\u00e9couvrez comment GoSat a permis \u00e0 cette [...]","protected":false},"author":2,"featured_media":0,"parent":0,"menu_order":0,"comment_status":"closed","ping_status":"closed","template":"","meta":[],"yoast_head":"<!-- This site is optimized with the Yoast SEO plugin v15.2 - https:\/\/yoast.com\/wordpress\/plugins\/seo\/ -->\n<title>Videos - Nos vid\u00e9os d&#039;informations et projets<\/title>\n<meta name=\"robots\" content=\"index, follow, max-snippet:-1, max-image-preview:large, max-video-preview:-1\" \/>\n<link rel=\"canonical\" href=\"https:\/\/www.gosat-africa.com\/index.php\/videos\/\" \/>\n<meta property=\"og:locale\" content=\"en_US\" \/>\n<meta property=\"og:type\" content=\"article\" \/>\n<meta property=\"og:title\" content=\"Videos - Nos vid\u00e9os d&#039;informations et projets\" \/>\n<meta property=\"og:url\" content=\"https:\/\/www.gosat-africa.com\/index.php\/videos\/\" \/>\n<meta property=\"og:site_name\" content=\"GoSat\" \/>\n<meta property=\"article:publisher\" content=\"https:\/\/www.facebook.com\/GosatCameroon\/\" \/>\n<meta property=\"article:modified_time\" content=\"2018-04-24T15:04:54+00:00\" \/>\n<meta name=\"twitter:card\" content=\"summary_large_image\" \/>\n<meta name=\"twitter:creator\" content=\"@gosatcameroon\" \/>\n<meta name=\"twitter:site\" content=\"@gosatcameroon\" \/>\n<meta name=\"twitter:label1\" value=\"Written by\">\n\t<meta name=\"twitter:data1\" value=\"Benjamin Thomas\">\n\t<meta name=\"twitter:label2\" value=\"Est. reading time\">\n\t<meta name=\"twitter:data2\" value=\"0 minutes\">\n<script type=\"application\/ld+json\" class=\"yoast-schema-graph\">{\"@context\":\"https:\/\/schema.org\",\"@graph\":[{\"@type\":\"Organization\",\"@id\":\"http:\/\/www.gosat-africa.com\/#organization\",\"name\":\"GOSAT\",\"url\":\"http:\/\/www.gosat-africa.com\/\",\"sameAs\":[\"https:\/\/www.facebook.com\/GosatCameroon\/\",\"https:\/\/www.linkedin.com\/company\/afrikanet\/\",\"https:\/\/www.youtube.com\/channel\/UCmLC9kitSpujcbajdlF-xWw\",\"https:\/\/twitter.com\/gosatcameroon\"],\"logo\":{\"@type\":\"ImageObject\",\"@id\":\"http:\/\/www.gosat-africa.com\/#logo\",\"inLanguage\":\"en-US\",\"url\":\"https:\/\/www.gosat-africa.com\/wp-content\/uploads\/2018\/06\/logoGosat.png\",\"width\":261,\"height\":110,\"caption\":\"GOSAT\"},\"image\":{\"@id\":\"http:\/\/www.gosat-africa.com\/#logo\"}},{\"@type\":\"WebSite\",\"@id\":\"http:\/\/www.gosat-africa.com\/#website\",\"url\":\"http:\/\/www.gosat-africa.com\/\",\"name\":\"GoSat\",\"description\":\"Quality Internet Connection\",\"publisher\":{\"@id\":\"http:\/\/www.gosat-africa.com\/#organization\"},\"potentialAction\":[{\"@type\":\"SearchAction\",\"target\":\"http:\/\/www.gosat-africa.com\/?s={search_term_string}\",\"query-input\":\"required name=search_term_string\"}],\"inLanguage\":\"en-US\"},{\"@type\":\"WebPage\",\"@id\":\"https:\/\/www.gosat-africa.com\/index.php\/videos\/#webpage\",\"url\":\"https:\/\/www.gosat-africa.com\/index.php\/videos\/\",\"name\":\"Videos - Nos vid\\u00e9os d'informations et projets\",\"isPartOf\":{\"@id\":\"http:\/\/www.gosat-africa.com\/#website\"},\"datePublished\":\"2018-03-15T10:53:25+00:00\",\"dateModified\":\"2018-04-24T15:04:54+00:00\",\"breadcrumb\":{\"@id\":\"https:\/\/www.gosat-africa.com\/index.php\/videos\/#breadcrumb\"},\"inLanguage\":\"en-US\",\"potentialAction\":[{\"@type\":\"ReadAction\",\"target\":[\"https:\/\/www.gosat-africa.com\/index.php\/videos\/\"]}]},{\"@type\":\"BreadcrumbList\",\"@id\":\"https:\/\/www.gosat-africa.com\/index.php\/videos\/#breadcrumb\",\"itemListElement\":[{\"@type\":\"ListItem\",\"position\":1,\"item\":{\"@type\":\"WebPage\",\"@id\":\"https:\/\/www.gosat-africa.com\/\",\"url\":\"https:\/\/www.gosat-africa.com\/\",\"name\":\"Home\"}},{\"@type\":\"ListItem\",\"position\":2,\"item\":{\"@type\":\"WebPage\",\"@id\":\"https:\/\/www.gosat-africa.com\/index.php\/videos\/\",\"url\":\"https:\/\/www.gosat-africa.com\/index.php\/videos\/\",\"name\":\"Videos\"}}]}]}<\/script>\n<!-- \/ Yoast SEO plugin. -->","_links":{"self":[{"href":"https:\/\/www.gosat-africa.com\/index.php\/wp-json\/wp\/v2\/pages\/2987"}],"collection":[{"href":"https:\/\/www.gosat-africa.com\/index.php\/wp-json\/wp\/v2\/pages"}],"about":[{"href":"https:\/\/www.gosat-africa.com\/index.php\/wp-json\/wp\/v2\/types\/page"}],"author":[{"embeddable":true,"href":"https:\/\/www.gosat-africa.com\/index.php\/wp-json\/wp\/v2\/users\/2"}],"replies":[{"embeddable":true,"href":"https:\/\/www.gosat-africa.com\/index.php\/wp-json\/wp\/v2\/comments?post=2987"}],"version-history":[{"count":0,"href":"https:\/\/www.gosat-africa.com\/index.php\/wp-json\/wp\/v2\/pages\/2987\/revisions"}],"wp:attachment":[{"href":"https:\/\/www.gosat-africa.com\/index.php\/wp-json\/wp\/v2\/media?parent=2987"}],"curies":[{"name":"wp","href":"https:\/\/api.w.org\/{rel}","templated":true}]}}