{"id":3328,"date":"2018-03-01T12:44:41","date_gmt":"2018-03-01T11:44:41","guid":{"rendered":"https:\/\/www.gosat-africa.com\/index.php\/special-offers-en\/"},"modified":"2021-05-20T13:08:46","modified_gmt":"2021-05-20T10:08:46","slug":"offres-speciales-internet-satellite","status":"publish","type":"page","link":"https:\/\/www.gosat-africa.com\/index.php\/offres-speciales-internet-satellite\/","title":{"rendered":"Nos offres sp\u00e9ciales pour Internet par satellite"},"content":{"rendered":"<p>[vc_row][vc_column extend=&#8221;false&#8221;][vc_column_text]<\/p>\n<h3 style=\"text-align: center;\"><a href=\"https:\/\/www.gosat-africa.com\/index.php\/special-offers-satellite-internet\/\">Speaking English ? No worries. Click here to access our English page.<\/a><\/h3>\n<p>[\/vc_column_text][\/vc_column][\/vc_row][vc_row][vc_column extend=&#8221;false&#8221;][vc_zigzag][\/vc_column][\/vc_row][vc_row][vc_column extend=&#8221;false&#8221;][vc_single_image image=&#8221;490737&#8243; img_size=&#8221;full&#8221; alignment=&#8221;center&#8221; img_link_target=&#8221;_blank&#8221; link=&#8221;https:\/\/www.gosat-africa.com\/index.php\/contact-gosat\/&#8221; onclick=&#8221;custom_link&#8221;][pt_ext__empty_space margin_lg=&#8221;25&#8243; margin_md=&#8221;25&#8243; margin_sm=&#8221;25&#8243; margin_xs=&#8221;25&#8243; el_class=&#8221;&#8221; version=&#8221;1&#8243;][\/vc_column][\/vc_row][vc_row][vc_column extend=&#8221;false&#8221;][vc_single_image image=&#8221;490717&#8243; img_size=&#8221;full&#8221; alignment=&#8221;center&#8221; img_link_target=&#8221;_blank&#8221; link=&#8221;https:\/\/www.gosat-africa.com\/index.php\/contact-gosat\/&#8221; onclick=&#8221;custom_link&#8221;][pt_ext__empty_space margin_lg=&#8221;25&#8243; margin_md=&#8221;25&#8243; margin_sm=&#8221;25&#8243; margin_xs=&#8221;25&#8243; el_class=&#8221;&#8221; version=&#8221;1&#8243;][\/vc_column][\/vc_row][vc_row][vc_column extend=&#8221;false&#8221;][vc_zigzag][pt_ext__empty_space margin_lg=&#8221;25&#8243; margin_md=&#8221;25&#8243; margin_sm=&#8221;25&#8243; margin_xs=&#8221;25&#8243; el_class=&#8221;&#8221; version=&#8221;1&#8243;][\/vc_column][\/vc_row][vc_row][vc_column extend=&#8221;false&#8221;][vc_single_image image=&#8221;3803&#8243; img_size=&#8221;full&#8221; alignment=&#8221;center&#8221; img_link_target=&#8221;_blank&#8221; link=&#8221;https:\/\/www.gosat-africa.com\/index.php\/contact-gosat\/&#8221; onclick=&#8221;custom_link&#8221;][pt_ext__empty_space margin_lg=&#8221;25&#8243; margin_md=&#8221;25&#8243; margin_sm=&#8221;25&#8243; margin_xs=&#8221;25&#8243; el_class=&#8221;&#8221; version=&#8221;1&#8243;][\/vc_column][\/vc_row][vc_row][vc_column extend=&#8221;false&#8221;][vc_zigzag][pt_ext__empty_space margin_lg=&#8221;25&#8243; margin_md=&#8221;25&#8243; margin_sm=&#8221;25&#8243; margin_xs=&#8221;25&#8243; el_class=&#8221;&#8221; version=&#8221;1&#8243;][vc_single_image image=&#8221;3805&#8243; img_size=&#8221;full&#8221; alignment=&#8221;center&#8221; img_link_target=&#8221;_blank&#8221; link=&#8221;https:\/\/www.gosat-africa.com\/index.php\/contact-gosat\/&#8221; onclick=&#8221;custom_link&#8221;][\/vc_column][\/vc_row]<\/p>\n","protected":false},"excerpt":{"rendered":"<p>[vc_row][vc_column extend=&#8221;false&#8221;][vc_column_text] Speaking English ? No worries. Click here to access our English page. [\/vc_column_text][\/vc_column][\/vc_row][vc_row][vc_column extend=&#8221;false&#8221;][vc_zigzag][\/vc_column][\/vc_row][vc_row][vc_column extend=&#8221;false&#8221;][vc_single_image image=&#8221;490737&#8243; img_size=&#8221;full&#8221; alignment=&#8221;center&#8221; img_link_target=&#8221;_blank&#8221; link=&#8221;https:\/\/www.gosat-africa.com\/index.php\/contact-gosat\/&#8221; onclick=&#8221;custom_link&#8221;][pt_ext__empty_space margin_lg=&#8221;25&#8243; margin_md=&#8221;25&#8243; margin_sm=&#8221;25&#8243; margin_xs=&#8221;25&#8243; el_class=&#8221;&#8221; version=&#8221;1&#8243;][\/vc_column][\/vc_row][vc_row][vc_column extend=&#8221;false&#8221;][vc_single_image image=&#8221;490717&#8243; img_size=&#8221;full&#8221; alignment=&#8221;center&#8221; img_link_target=&#8221;_blank&#8221; link=&#8221;https:\/\/www.gosat-africa.com\/index.php\/contact-gosat\/&#8221; onclick=&#8221;custom_link&#8221;][pt_ext__empty_space margin_lg=&#8221;25&#8243; margin_md=&#8221;25&#8243; margin_sm=&#8221;25&#8243; margin_xs=&#8221;25&#8243; el_class=&#8221;&#8221; version=&#8221;1&#8243;][\/vc_column][\/vc_row][vc_row][vc_column extend=&#8221;false&#8221;][vc_zigzag][pt_ext__empty_space margin_lg=&#8221;25&#8243; margin_md=&#8221;25&#8243; margin_sm=&#8221;25&#8243; margin_xs=&#8221;25&#8243; el_class=&#8221;&#8221; version=&#8221;1&#8243;][\/vc_column][\/vc_row][vc_row][vc_column extend=&#8221;false&#8221;][vc_single_image image=&#8221;3803&#8243; img_size=&#8221;full&#8221; alignment=&#8221;center&#8221; img_link_target=&#8221;_blank&#8221; link=&#8221;https:\/\/www.gosat-africa.com\/index.php\/contact-gosat\/&#8221; [&hellip;]<\/p>\n","protected":false},"author":2,"featured_media":0,"parent":0,"menu_order":0,"comment_status":"closed","ping_status":"closed","template":"","meta":[],"yoast_head":"<!-- This site is optimized with the Yoast SEO plugin v15.2 - https:\/\/yoast.com\/wordpress\/plugins\/seo\/ -->\n<title>Nos offres sp\u00e9ciales pour Internet par satellite - D\u00e9couvrez toutes nos promotions<\/title>\n<meta name=\"description\" content=\"Forfaits Gosat \u00e0 prix r\u00e9duit, haut d\u00e9bit \u00e0 moindre co\u00fbt. Eh oui! connexion internet pour tous! Alors ne perdez pas une seconde et abonnez-vous \u00e0 nos offres Internet par satellite d\u00e8s maintenant!\" \/>\n<meta name=\"robots\" content=\"index, follow, max-snippet:-1, max-image-preview:large, max-video-preview:-1\" \/>\n<link rel=\"canonical\" href=\"https:\/\/www.gosat-africa.com\/index.php\/offres-speciales-internet-satellite\/\" \/>\n<meta property=\"og:locale\" content=\"en_US\" \/>\n<meta property=\"og:type\" content=\"article\" \/>\n<meta property=\"og:title\" content=\"Nos offres sp\u00e9ciales pour Internet par satellite - D\u00e9couvrez toutes nos promotions\" \/>\n<meta property=\"og:description\" content=\"Forfaits Gosat \u00e0 prix r\u00e9duit, haut d\u00e9bit \u00e0 moindre co\u00fbt. Eh oui! connexion internet pour tous! Alors ne perdez pas une seconde et abonnez-vous \u00e0 nos offres Internet par satellite d\u00e8s maintenant!\" \/>\n<meta property=\"og:url\" content=\"https:\/\/www.gosat-africa.com\/index.php\/offres-speciales-internet-satellite\/\" \/>\n<meta property=\"og:site_name\" content=\"GoSat\" \/>\n<meta property=\"article:publisher\" content=\"https:\/\/www.facebook.com\/GosatCameroon\/\" \/>\n<meta property=\"article:modified_time\" content=\"2021-05-20T10:08:46+00:00\" \/>\n<meta name=\"twitter:card\" content=\"summary_large_image\" \/>\n<meta name=\"twitter:creator\" content=\"@gosatcameroon\" \/>\n<meta name=\"twitter:site\" content=\"@gosatcameroon\" \/>\n<meta name=\"twitter:label1\" value=\"Written by\">\n\t<meta name=\"twitter:data1\" value=\"Benjamin Thomas\">\n\t<meta name=\"twitter:label2\" value=\"Est. reading time\">\n\t<meta name=\"twitter:data2\" value=\"1 minute\">\n<script type=\"application\/ld+json\" class=\"yoast-schema-graph\">{\"@context\":\"https:\/\/schema.org\",\"@graph\":[{\"@type\":\"Organization\",\"@id\":\"http:\/\/www.gosat-africa.com\/#organization\",\"name\":\"GOSAT\",\"url\":\"http:\/\/www.gosat-africa.com\/\",\"sameAs\":[\"https:\/\/www.facebook.com\/GosatCameroon\/\",\"https:\/\/www.linkedin.com\/company\/afrikanet\/\",\"https:\/\/www.youtube.com\/channel\/UCmLC9kitSpujcbajdlF-xWw\",\"https:\/\/twitter.com\/gosatcameroon\"],\"logo\":{\"@type\":\"ImageObject\",\"@id\":\"http:\/\/www.gosat-africa.com\/#logo\",\"inLanguage\":\"en-US\",\"url\":\"https:\/\/www.gosat-africa.com\/wp-content\/uploads\/2018\/06\/logoGosat.png\",\"width\":261,\"height\":110,\"caption\":\"GOSAT\"},\"image\":{\"@id\":\"http:\/\/www.gosat-africa.com\/#logo\"}},{\"@type\":\"WebSite\",\"@id\":\"http:\/\/www.gosat-africa.com\/#website\",\"url\":\"http:\/\/www.gosat-africa.com\/\",\"name\":\"GoSat\",\"description\":\"Quality Internet Connection\",\"publisher\":{\"@id\":\"http:\/\/www.gosat-africa.com\/#organization\"},\"potentialAction\":[{\"@type\":\"SearchAction\",\"target\":\"http:\/\/www.gosat-africa.com\/?s={search_term_string}\",\"query-input\":\"required name=search_term_string\"}],\"inLanguage\":\"en-US\"},{\"@type\":\"WebPage\",\"@id\":\"https:\/\/www.gosat-africa.com\/index.php\/offres-speciales-internet-satellite\/#webpage\",\"url\":\"https:\/\/www.gosat-africa.com\/index.php\/offres-speciales-internet-satellite\/\",\"name\":\"Nos offres sp\\u00e9ciales pour Internet par satellite - D\\u00e9couvrez toutes nos promotions\",\"isPartOf\":{\"@id\":\"http:\/\/www.gosat-africa.com\/#website\"},\"datePublished\":\"2018-03-01T11:44:41+00:00\",\"dateModified\":\"2021-05-20T10:08:46+00:00\",\"description\":\"Forfaits Gosat \\u00e0 prix r\\u00e9duit, haut d\\u00e9bit \\u00e0 moindre co\\u00fbt. Eh oui! connexion internet pour tous! Alors ne perdez pas une seconde et abonnez-vous \\u00e0 nos offres Internet par satellite d\\u00e8s maintenant!\",\"breadcrumb\":{\"@id\":\"https:\/\/www.gosat-africa.com\/index.php\/offres-speciales-internet-satellite\/#breadcrumb\"},\"inLanguage\":\"en-US\",\"potentialAction\":[{\"@type\":\"ReadAction\",\"target\":[\"https:\/\/www.gosat-africa.com\/index.php\/offres-speciales-internet-satellite\/\"]}]},{\"@type\":\"BreadcrumbList\",\"@id\":\"https:\/\/www.gosat-africa.com\/index.php\/offres-speciales-internet-satellite\/#breadcrumb\",\"itemListElement\":[{\"@type\":\"ListItem\",\"position\":1,\"item\":{\"@type\":\"WebPage\",\"@id\":\"https:\/\/www.gosat-africa.com\/\",\"url\":\"https:\/\/www.gosat-africa.com\/\",\"name\":\"Home\"}},{\"@type\":\"ListItem\",\"position\":2,\"item\":{\"@type\":\"WebPage\",\"@id\":\"https:\/\/www.gosat-africa.com\/index.php\/offres-speciales-internet-satellite\/\",\"url\":\"https:\/\/www.gosat-africa.com\/index.php\/offres-speciales-internet-satellite\/\",\"name\":\"Nos offres sp\\u00e9ciales pour Internet par satellite\"}}]}]}<\/script>\n<!-- \/ Yoast SEO plugin. -->","_links":{"self":[{"href":"https:\/\/www.gosat-africa.com\/index.php\/wp-json\/wp\/v2\/pages\/3328"}],"collection":[{"href":"https:\/\/www.gosat-africa.com\/index.php\/wp-json\/wp\/v2\/pages"}],"about":[{"href":"https:\/\/www.gosat-africa.com\/index.php\/wp-json\/wp\/v2\/types\/page"}],"author":[{"embeddable":true,"href":"https:\/\/www.gosat-africa.com\/index.php\/wp-json\/wp\/v2\/users\/2"}],"replies":[{"embeddable":true,"href":"https:\/\/www.gosat-africa.com\/index.php\/wp-json\/wp\/v2\/comments?post=3328"}],"version-history":[{"count":3,"href":"https:\/\/www.gosat-africa.com\/index.php\/wp-json\/wp\/v2\/pages\/3328\/revisions"}],"predecessor-version":[{"id":490738,"href":"https:\/\/www.gosat-africa.com\/index.php\/wp-json\/wp\/v2\/pages\/3328\/revisions\/490738"}],"wp:attachment":[{"href":"https:\/\/www.gosat-africa.com\/index.php\/wp-json\/wp\/v2\/media?parent=3328"}],"curies":[{"name":"wp","href":"https:\/\/api.w.org\/{rel}","templated":true}]}}