{"id":3593,"date":"2018-08-28T16:43:23","date_gmt":"2018-08-28T14:43:23","guid":{"rendered":"https:\/\/www.gosat-africa.com\/?page_id=3593"},"modified":"2019-08-05T15:56:06","modified_gmt":"2019-08-05T13:56:06","slug":"connexion-internet-par-satellite","status":"publish","type":"page","link":"https:\/\/www.gosat-africa.com\/index.php\/connexion-internet-par-satellite\/","title":{"rendered":"Connexion internet par Satellite"},"content":{"rendered":"<p>[vc_row][vc_column extend=&#8221;false&#8221;][vc_raw_html]JTNDaDIlMjBzdHlsZSUzRCUyMnRleHQtYWxpZ24lM0ElMjBjZW50ZXIlM0IlMjBjb2xvciUzQSUyMG9yYW5nZSUzQiUyMiUzRUQlQzMlQTljb3V2cmV6JTIwdG91dGVzJTIwbm9zJTIwb2ZmcmVzJTIwZGUlMjBjb25uZXhpb24lMjBpbnRlcm5ldCUyMHBhciUyMHNhdGVsbGl0ZSUzQyUyRmgyJTNF[\/vc_raw_html][vc_column_text]GoSat vous offre la <strong>meilleure connexion internet par satellite<\/strong> et donc le meilleur internet du moment !<\/p>\n<p>GoSat est en effet conscient de l&#8217;importance d&#8217;\u00eatre connect\u00e9 dans le monde d&#8217;aujourd&#8217;hui. Ainsi, nous mettons \u00e0 la disposition de nos clients un <strong>Internet toujours rapide et fiable<\/strong>, que vous soyez en ville ou \u00e0 la campagne.<\/p>\n<p>Cette performance technologiquement avanc\u00e9e est possible gr\u00e2ce \u00e0 l&#8217;utilisation de <strong>satellites de haute technologie<\/strong>.<\/p>\n<p>Profitez des forfaits GoSat pour un usage personnel et professionnel au meilleur prix. Entrez pleinement dans l&#8217;\u00e8re num\u00e9rique ![\/vc_column_text][vc_single_image image=&#8221;4139&#8243; img_size=&#8221;large&#8221; alignment=&#8221;center&#8221;][vc_zigzag color=&#8221;custom&#8221; custom_color=&#8221;#5a9bd5&#8243;][\/vc_column][\/vc_row][vc_row][vc_column extend=&#8221;false&#8221;][vc_column_text]<\/p>\n<h3 style=\"text-align: center; color: orange;\">Offres de connexion internet par satellite pour les particuliers<\/h3>\n<p>[\/vc_column_text][vc_column_text]A la recherche d&#8217;une <strong>connexion Internet rapide et fiable<\/strong> pour vous et votre famille \u00e0 domicile ?<\/p>\n<p>N&#8217;h\u00e9sitez plus! GoSat propose des forfaits adapt\u00e9s \u00e0 tous les besoins et \u00e0 tous les budgets !<\/p>\n<p>De 10 \u00e0 50 GB, vous trouverez sans aucun doute le forfait qui vous convient le mieux. Les <strong>forfaits de connexion Internet par satellite<\/strong> GoSat vous offrent la libert\u00e9 dont vous avez besoin pour profiter pleinement d&#8217;Internet \u00e0 la maison.<\/p>\n<p>Pour en savoir plus sur les forfaits GoSat et faire votre choix, il vous suffit de cliquer sur le bouton ci-dessous ![\/vc_column_text][pt_ext__button button_text=&#8221;Voir les offres de connexion internet par satellite pour les particuliers&#8221; icon=&#8221;&#8221; text__color=&#8221;rgb(255, 255, 255)&#8221; text__bg=&#8221;rgb(249, 135, 42)&#8221; text__border_color=&#8221;rgb(249, 135, 42)&#8221; text__color__hover=&#8221;rgba(255, 255, 255, 1)&#8221; text__bg__hover=&#8221;rgb(90, 155, 213)&#8221; text__border_color__hover=&#8221;rgb(90, 155, 213)&#8221; size=&#8221;normal&#8221; align=&#8221;center&#8221; border=&#8221;full-round&#8221; extra_shadow=&#8221;shadow&#8221; extra_gradient=&#8221;&#8221; extra_fullwidth=&#8221;&#8221; extra_show_icon_on_hover=&#8221;&#8221; extra_underline=&#8221;&#8221; extra_onclick=&#8221;&#8221; typo__button=&#8221;google&#8221; typo__button__font=&#8221;font_family:Montserrat%3Aregular%2C700|font_style:400%20regular%3A400%3Anormal&#8221; mediaquery_md=&#8221;&#8221; mediaquery_sm=&#8221;&#8221; mediaquery_xs=&#8221;&#8221; animation=&#8221;&#8221; settings__border_width=&#8221;&#8221; link=&#8221;url:https%3A%2F%2Fwww.gosat-africa.com%2Findex.php%2Fconnexion-internet-pour-particuliers%2F%3Flang%3Dfr|||&#8221; el_class=&#8221;&#8221; version=&#8221;1&#8243;][pt_ext__empty_space margin_lg=&#8221;50&#8243; margin_md=&#8221;50&#8243; margin_xs=&#8221;50&#8243; el_class=&#8221;&#8221; version=&#8221;1&#8243;][vc_zigzag color=&#8221;custom&#8221; custom_color=&#8221;#5a9bd5&#8243;][\/vc_column][\/vc_row][vc_row][vc_column extend=&#8221;false&#8221;][vc_column_text]<\/p>\n<h3 style=\"text-align: center; color: orange;\">Offres de connexion internet par satellite pour les professionnels<\/h3>\n<p>[\/vc_column_text][vc_column_text]Vous recherchez une <strong>connexion Internet rapide et fiable<\/strong> pour votre entreprise ?<\/p>\n<p>N&#8217;h\u00e9sitez plus ! GoSat propose des forfaits adapt\u00e9s \u00e0 tous les besoins et \u00e0 tous les budgets !<\/p>\n<p>De 100 \u00e0 500 GB, vous trouverez n\u00e9cessairement le forfait qui r\u00e9pond aux besoins de votre entreprise. Les packs de<strong> connexion Internet par satellite<\/strong> GoSat vous offrent de nombreuses opportunit\u00e9s. Diffuser vos activit\u00e9s \u00e0 un public plus large et acc\u00e9l\u00e9rer la croissance de votre entreprise par exemple.<\/p>\n<p>Pour en savoir plus sur les forfaits GoSat pour les entreprises et faire votre choix, il vous suffit de cliquer sur le bouton ci-dessous ![\/vc_column_text][pt_ext__button button_text=&#8221;Voir les offres de connexion internet par satellite pour les professionnels&#8221; icon=&#8221;&#8221; text__color=&#8221;rgb(255, 255, 255)&#8221; text__bg=&#8221;rgb(249, 135, 42)&#8221; text__border_color=&#8221;rgb(249, 135, 42)&#8221; text__color__hover=&#8221;rgba(255, 255, 255, 1)&#8221; text__bg__hover=&#8221;rgb(90, 155, 213)&#8221; text__border_color__hover=&#8221;rgb(90, 155, 213)&#8221; size=&#8221;normal&#8221; align=&#8221;center&#8221; border=&#8221;full-round&#8221; extra_shadow=&#8221;shadow&#8221; extra_gradient=&#8221;&#8221; extra_fullwidth=&#8221;&#8221; extra_show_icon_on_hover=&#8221;&#8221; extra_underline=&#8221;&#8221; extra_onclick=&#8221;&#8221; typo__button=&#8221;google&#8221; typo__button__font=&#8221;font_family:Montserrat%3Aregular%2C700|font_style:400%20regular%3A400%3Anormal&#8221; mediaquery_md=&#8221;&#8221; mediaquery_sm=&#8221;&#8221; mediaquery_xs=&#8221;&#8221; animation=&#8221;&#8221; settings__border_width=&#8221;&#8221; link=&#8221;url:https%3A%2F%2Fwww.gosat-africa.com%2Findex.php%2Fconnexion-internet-pour-professionnels%2F%3Flang%3Dfr|||&#8221; el_class=&#8221;&#8221; version=&#8221;1&#8243;][pt_ext__empty_space margin_lg=&#8221;50&#8243; margin_md=&#8221;50&#8243; margin_xs=&#8221;50&#8243; el_class=&#8221;&#8221; version=&#8221;1&#8243;][vc_zigzag color=&#8221;custom&#8221; custom_color=&#8221;#5a9bd5&#8243;][\/vc_column][\/vc_row][vc_row][vc_column extend=&#8221;false&#8221;][vc_column_text]<\/p>\n<h3 style=\"text-align: center; color: orange;\">Addons d&#8217;Internet par Satellite<\/h3>\n<p>[\/vc_column_text][vc_column_text]La fin du mois n&#8217;est pas si proche et vos donn\u00e9es restantes sont dangereusement basses ?<\/p>\n<p>Avec GoSat vous pouvez <strong>\u00e9viter d&#8217;\u00eatre priv\u00e9 d&#8217;Internet<\/strong> !<\/p>\n<p>De 10 \u00e0 100 GB, les Addons GoSat vous permettent d&#8217;avoir toujours acc\u00e8s \u00e0 Internet, car nous savons combien il est important pour nos clients d&#8217;<strong>\u00eatre toujours connect\u00e9s<\/strong>.<\/p>\n<p>Pour en savoir plus sur les Addons GoSat et faire votre choix, il vous suffit de cliquer sur le bouton ci-dessous ![\/vc_column_text][pt_ext__button button_text=&#8221;Voir les Addons internet&#8221; icon=&#8221;&#8221; text__color=&#8221;rgb(255, 255, 255)&#8221; text__bg=&#8221;rgb(249, 135, 42)&#8221; text__border_color=&#8221;rgb(249, 135, 42)&#8221; text__color__hover=&#8221;rgba(255, 255, 255, 1)&#8221; text__bg__hover=&#8221;rgb(90, 155, 213)&#8221; text__border_color__hover=&#8221;rgb(90, 155, 213)&#8221; size=&#8221;normal&#8221; align=&#8221;center&#8221; border=&#8221;full-round&#8221; extra_shadow=&#8221;shadow&#8221; extra_gradient=&#8221;&#8221; extra_fullwidth=&#8221;&#8221; extra_show_icon_on_hover=&#8221;&#8221; extra_underline=&#8221;&#8221; extra_onclick=&#8221;&#8221; typo__button=&#8221;google&#8221; typo__button__font=&#8221;font_family:Montserrat%3Aregular%2C700|font_style:400%20regular%3A400%3Anormal&#8221; mediaquery_md=&#8221;&#8221; mediaquery_sm=&#8221;&#8221; mediaquery_xs=&#8221;&#8221; animation=&#8221;&#8221; settings__border_width=&#8221;&#8221; link=&#8221;url:https%3A%2F%2Fwww.gosat-africa.com%2Findex.php%2Faddons-connexions-internet%2F%3Flang%3Dfr|||&#8221; el_class=&#8221;&#8221; version=&#8221;1&#8243;][pt_ext__empty_space margin_lg=&#8221;50&#8243; margin_md=&#8221;50&#8243; margin_xs=&#8221;50&#8243; el_class=&#8221;&#8221; version=&#8221;1&#8243;][vc_zigzag color=&#8221;custom&#8221; custom_color=&#8221;#5a9bd5&#8243;][\/vc_column][\/vc_row][vc_row][vc_column extend=&#8221;false&#8221;][pt_ext__empty_space margin_lg=&#8221;50&#8243; margin_md=&#8221;50&#8243; margin_xs=&#8221;50&#8243; el_class=&#8221;&#8221; version=&#8221;1&#8243;][vc_column_text]<em>Vous en voulez plus ? Vous voulez plus de bonus ou vous recherchez d&#8217;autres services sp\u00e9cialis\u00e9s ? Nous vous comprenons parfaitement! Nous vous fournissons en un seul clic <a href=\"https:\/\/www.gosat-africa.com\/index.php\/special-offers-satellite-internet\/\"><strong>nos offres sp\u00e9ciales du moment<\/strong><\/a>\u00a0. Ainsi que <a href=\"https:\/\/www.gosat-africa.com\/index.php\/services-internet-gosat\/?lang=fr\"><strong>nos \u00e9quipements multiples et nos services vari\u00e9s<\/strong><\/a>.<\/em>[\/vc_column_text][vc_zigzag color=&#8221;custom&#8221; custom_color=&#8221;#5a9bd5&#8243;][vc_row_inner][vc_column_inner extend=&#8221;false&#8221; width=&#8221;1\/3&#8243;][vc_hoverbox image=&#8221;3709&#8243; primary_title=&#8221;Nos offres sp\u00e9ciales&#8221; hover_title=&#8221;Nos offres sp\u00e9ciales&#8221; el_width=&#8221;90&#8243; hover_btn_title=&#8221;Cliquez ici pour d\u00e9couvrir&#8221; hover_btn_color=&#8221;green&#8221; hover_add_button=&#8221;true&#8221; hover_btn_link=&#8221;url:https%3A%2F%2Fwww.gosat-africa.com%2Findex.php%2Foffres-speciales-internet-satellite%2F%3Flang%3Dfr|||&#8221;]Cliquez et d\u00e9couvrez nos offres sp\u00e9ciales d&#8217;Internet par satellite du moment adapt\u00e9es \u00e0 vos besoins.[\/vc_hoverbox][\/vc_column_inner][vc_column_inner extend=&#8221;false&#8221; width=&#8221;1\/3&#8243;][vc_hoverbox image=&#8221;3886&#8243; primary_title=&#8221;Equipement GoSat&#8221; hover_title=&#8221;Equipement GoSat&#8221; el_width=&#8221;90&#8243; hover_btn_title=&#8221;Cliquez ici pour d\u00e9couvrir&#8221; hover_btn_color=&#8221;green&#8221; hover_add_button=&#8221;true&#8221; hover_btn_link=&#8221;url:https%3A%2F%2Fwww.gosat-africa.com%2Findex.php%2Fla-box-gosat%2F%3Flang%3Dfr|||&#8221;]D\u00e9couvrez tous les \u00e9quipements Gosat n\u00e9cessaires \u00e0 une bonne r\u00e9ception du signal satellite (une antenne, un modem, un iLNB, des c\u00e2bles de connexion).<\/p>\n<p>[\/vc_hoverbox][\/vc_column_inner][vc_column_inner extend=&#8221;false&#8221; width=&#8221;1\/3&#8243;][vc_hoverbox image=&#8221;3888&#8243; primary_title=&#8221;Plus de services GoSat&#8221; hover_title=&#8221;Plus de services GoSat&#8221; el_width=&#8221;90&#8243; hover_btn_title=&#8221;Cliquez ici pour d\u00e9couvrir&#8221; hover_btn_color=&#8221;green&#8221; hover_add_button=&#8221;true&#8221; hover_btn_link=&#8221;url:https%3A%2F%2Fwww.gosat-africa.com%2Findex.php%2Fservices-internet-gosat%2F%3Flang%3Dfr|||&#8221;]De la meilleure installation de l&#8217;antenne aux meilleurs services de cybers\u00e9curit\u00e9, notre \u00e9quipe vous garantit une large gamme de services de haute qualit\u00e9 coupl\u00e9s \u00e0 un service apr\u00e8s-vente \u00e0 votre bureau 24\/7.[\/vc_hoverbox][\/vc_column_inner][\/vc_row_inner][\/vc_column][\/vc_row]<\/p>\n","protected":false},"excerpt":{"rendered":"<p>[vc_row][vc_column extend=&#8221;false&#8221;][vc_raw_html]JTNDaDIlMjBzdHlsZSUzRCUyMnRleHQtYWxpZ24lM0ElMjBjZW50ZXIlM0IlMjBjb2xvciUzQSUyMG9yYW5nZSUzQiUyMiUzRUQlQzMlQTljb3V2cmV6JTIwdG91dGVzJTIwbm9zJTIwb2ZmcmVzJTIwZGUlMjBjb25uZXhpb24lMjBpbnRlcm5ldCUyMHBhciUyMHNhdGVsbGl0ZSUzQyUyRmgyJTNF[\/vc_raw_html][vc_column_text]GoSat vous offre la meilleure connexion internet par satellite et donc le meilleur internet du moment ! GoSat est en effet conscient de l&#8217;importance d&#8217;\u00eatre connect\u00e9 dans le monde d&#8217;aujourd&#8217;hui. Ainsi, nous mettons \u00e0 la disposition de nos clients un Internet toujours rapide et fiable, que vous soyez en ville ou \u00e0 la campagne. [&hellip;]<\/p>\n","protected":false},"author":2,"featured_media":0,"parent":0,"menu_order":0,"comment_status":"closed","ping_status":"closed","template":"","meta":[],"yoast_head":"<!-- This site is optimized with the Yoast SEO plugin v15.2 - https:\/\/yoast.com\/wordpress\/plugins\/seo\/ -->\n<title>Connexion internet par Satellite - Plans flexibles pour tous vos besoins<\/title>\n<meta name=\"description\" content=\"Un forfait de 10 \u00e0 500 Go pour une connexion Internet par satellite qui r\u00e9pond aux besoins des particuliers et des professionnels !\" \/>\n<meta name=\"robots\" content=\"index, follow, max-snippet:-1, max-image-preview:large, max-video-preview:-1\" \/>\n<link rel=\"canonical\" href=\"https:\/\/www.gosat-africa.com\/index.php\/connexion-internet-par-satellite\/\" \/>\n<meta property=\"og:locale\" content=\"en_US\" \/>\n<meta property=\"og:type\" content=\"article\" \/>\n<meta property=\"og:title\" content=\"Connexion internet par Satellite - Plans flexibles pour tous vos besoins\" \/>\n<meta property=\"og:description\" content=\"Un forfait de 10 \u00e0 500 Go pour une connexion Internet par satellite qui r\u00e9pond aux besoins des particuliers et des professionnels !\" \/>\n<meta property=\"og:url\" content=\"https:\/\/www.gosat-africa.com\/index.php\/connexion-internet-par-satellite\/\" \/>\n<meta property=\"og:site_name\" content=\"GoSat\" \/>\n<meta property=\"article:publisher\" content=\"https:\/\/www.facebook.com\/GosatCameroon\/\" \/>\n<meta property=\"article:modified_time\" content=\"2019-08-05T13:56:06+00:00\" \/>\n<meta name=\"twitter:card\" content=\"summary_large_image\" \/>\n<meta name=\"twitter:creator\" content=\"@gosatcameroon\" \/>\n<meta name=\"twitter:site\" content=\"@gosatcameroon\" \/>\n<meta name=\"twitter:label1\" value=\"Written by\">\n\t<meta name=\"twitter:data1\" value=\"Benjamin Thomas\">\n\t<meta name=\"twitter:label2\" value=\"Est. reading time\">\n\t<meta name=\"twitter:data2\" value=\"5 minutes\">\n<script type=\"application\/ld+json\" class=\"yoast-schema-graph\">{\"@context\":\"https:\/\/schema.org\",\"@graph\":[{\"@type\":\"Organization\",\"@id\":\"http:\/\/www.gosat-africa.com\/#organization\",\"name\":\"GOSAT\",\"url\":\"http:\/\/www.gosat-africa.com\/\",\"sameAs\":[\"https:\/\/www.facebook.com\/GosatCameroon\/\",\"https:\/\/www.linkedin.com\/company\/afrikanet\/\",\"https:\/\/www.youtube.com\/channel\/UCmLC9kitSpujcbajdlF-xWw\",\"https:\/\/twitter.com\/gosatcameroon\"],\"logo\":{\"@type\":\"ImageObject\",\"@id\":\"http:\/\/www.gosat-africa.com\/#logo\",\"inLanguage\":\"en-US\",\"url\":\"https:\/\/www.gosat-africa.com\/wp-content\/uploads\/2018\/06\/logoGosat.png\",\"width\":261,\"height\":110,\"caption\":\"GOSAT\"},\"image\":{\"@id\":\"http:\/\/www.gosat-africa.com\/#logo\"}},{\"@type\":\"WebSite\",\"@id\":\"http:\/\/www.gosat-africa.com\/#website\",\"url\":\"http:\/\/www.gosat-africa.com\/\",\"name\":\"GoSat\",\"description\":\"Quality Internet Connection\",\"publisher\":{\"@id\":\"http:\/\/www.gosat-africa.com\/#organization\"},\"potentialAction\":[{\"@type\":\"SearchAction\",\"target\":\"http:\/\/www.gosat-africa.com\/?s={search_term_string}\",\"query-input\":\"required name=search_term_string\"}],\"inLanguage\":\"en-US\"},{\"@type\":\"WebPage\",\"@id\":\"https:\/\/www.gosat-africa.com\/index.php\/connexion-internet-par-satellite\/#webpage\",\"url\":\"https:\/\/www.gosat-africa.com\/index.php\/connexion-internet-par-satellite\/\",\"name\":\"Connexion internet par Satellite - Plans flexibles pour tous vos besoins\",\"isPartOf\":{\"@id\":\"http:\/\/www.gosat-africa.com\/#website\"},\"datePublished\":\"2018-08-28T14:43:23+00:00\",\"dateModified\":\"2019-08-05T13:56:06+00:00\",\"description\":\"Un forfait de 10 \\u00e0 500 Go pour une connexion Internet par satellite qui r\\u00e9pond aux besoins des particuliers et des professionnels !\",\"breadcrumb\":{\"@id\":\"https:\/\/www.gosat-africa.com\/index.php\/connexion-internet-par-satellite\/#breadcrumb\"},\"inLanguage\":\"en-US\",\"potentialAction\":[{\"@type\":\"ReadAction\",\"target\":[\"https:\/\/www.gosat-africa.com\/index.php\/connexion-internet-par-satellite\/\"]}]},{\"@type\":\"BreadcrumbList\",\"@id\":\"https:\/\/www.gosat-africa.com\/index.php\/connexion-internet-par-satellite\/#breadcrumb\",\"itemListElement\":[{\"@type\":\"ListItem\",\"position\":1,\"item\":{\"@type\":\"WebPage\",\"@id\":\"https:\/\/www.gosat-africa.com\/\",\"url\":\"https:\/\/www.gosat-africa.com\/\",\"name\":\"Home\"}},{\"@type\":\"ListItem\",\"position\":2,\"item\":{\"@type\":\"WebPage\",\"@id\":\"https:\/\/www.gosat-africa.com\/index.php\/connexion-internet-par-satellite\/\",\"url\":\"https:\/\/www.gosat-africa.com\/index.php\/connexion-internet-par-satellite\/\",\"name\":\"Connexion internet par Satellite\"}}]}]}<\/script>\n<!-- \/ Yoast SEO plugin. -->","_links":{"self":[{"href":"https:\/\/www.gosat-africa.com\/index.php\/wp-json\/wp\/v2\/pages\/3593"}],"collection":[{"href":"https:\/\/www.gosat-africa.com\/index.php\/wp-json\/wp\/v2\/pages"}],"about":[{"href":"https:\/\/www.gosat-africa.com\/index.php\/wp-json\/wp\/v2\/types\/page"}],"author":[{"embeddable":true,"href":"https:\/\/www.gosat-africa.com\/index.php\/wp-json\/wp\/v2\/users\/2"}],"replies":[{"embeddable":true,"href":"https:\/\/www.gosat-africa.com\/index.php\/wp-json\/wp\/v2\/comments?post=3593"}],"version-history":[{"count":0,"href":"https:\/\/www.gosat-africa.com\/index.php\/wp-json\/wp\/v2\/pages\/3593\/revisions"}],"wp:attachment":[{"href":"https:\/\/www.gosat-africa.com\/index.php\/wp-json\/wp\/v2\/media?parent=3593"}],"curies":[{"name":"wp","href":"https:\/\/api.w.org\/{rel}","templated":true}]}}