{"id":4173,"date":"2019-03-18T11:42:11","date_gmt":"2019-03-18T10:42:11","guid":{"rendered":"https:\/\/www.gosat-africa.com\/?page_id=4173"},"modified":"2019-08-09T15:27:22","modified_gmt":"2019-08-09T13:27:22","slug":"installation-equipement-satellite","status":"publish","type":"page","link":"https:\/\/www.gosat-africa.com\/index.php\/installation-equipement-satellite\/","title":{"rendered":"Installation du mat\u00e9riel"},"content":{"rendered":"<p>[vc_row][vc_column extend=&#8221;false&#8221;][vc_column_text]<\/p>\n<h1 style=\"text-align: center; color: orange;\">Service d&#8217;Installation du Mat\u00e9riel GoSat<\/h1>\n<p>[\/vc_column_text][vc_column_text]<\/p>\n<p style=\"text-align: center;\">Comme vous le savez, GoSat vous offre\u00a0 <a href=\"https:\/\/www.gosat-africa.com\/index.php\/la-box-gosat\/?lang=fr\"><strong>des \u00e9quipements satellite fiables<\/strong><\/a>\u00a0 et une <a href=\"https:\/\/www.gosat-africa.com\/index.php\/connexion-internet-par-satellite\/?lang=fr\"><strong>connexion Internet par satellite de qualit\u00e9<\/strong><\/a>.<\/p>\n<p style=\"text-align: center;\"><strong>MAIS \u00c7A NE S&#8217;ARR\u00caTE PAS L\u00c0<\/strong> !<\/p>\n<p>L&#8217;une de nos priorit\u00e9s est de vous faciliter la vie. C&#8217;est pourquoi nos \u00e9quipes de techniciens experts assurent<strong>\u00a0l&#8217;installation de nos \u00e9quipements satellites.<\/strong><\/p>\n<p>L&#8217;installation de <a href=\"https:\/\/www.gosat-africa.com\/index.php\/la-box-gosat\/?lang=fr\">la Box GoSat<\/a> est effectu\u00e9e en <strong>moins de 24 heures<\/strong> et votre connexion Internet est imm\u00e9diatement op\u00e9rationnelle ! Nous mettons tout en \u0153uvre pour que vous puissiez profiter de l&#8217;Internet haute vitesse par satellite.<\/p>\n<p>Nos techniciens travaillent sur l&#8217;installation d&#8217;\u00e9quipements satellites depuis la cr\u00e9ation d&#8217;<a href=\"https:\/\/afrikanet.com\/fr\/\">Afrikanet<\/a> il y a plus de 20 ans ! Ils ont acquis une <strong>r\u00e9elle expertise<\/strong> dans ce domaine. L&#8217;installation s&#8217;effectue de mani\u00e8re professionnelle pour optimiser votre\u00a0<strong>connexion Internet par satellite<\/strong>.[\/vc_column_text][vc_single_image image=&#8221;4134&#8243; img_size=&#8221;full&#8221; alignment=&#8221;center&#8221; link=&#8221;https:\/\/afrikanet.com\/fr\/&#8221; onclick=&#8221;custom_link&#8221;][vc_column_text]La proc\u00e9dure d&#8217;installation de l&#8217;\u00e9quipement satellite est la suivante :<\/p>\n<ol>\n<li>Les techniciens de GoSat d\u00e9terminent l&#8217;emplacement id\u00e9al pour l&#8217;installation du mat\u00e9riel contenu dans <a href=\"https:\/\/www.gosat-africa.com\/index.php\/la-box-gosat\/?lang=fr\">la Box GoSat<\/a><\/li>\n<li>Ils r\u00e9alisent les travaux de g\u00e9nie civil n\u00e9cessaires \u00e0 la fixation du m\u00e2t<\/li>\n<li>Ils orientent ensuite l&#8217;antenne en fonction des param\u00e8tres de pointage (charge SBC, GPS, s\u00e9lection du faisceau, etc)<\/li>\n<li>Nos techniciens analysent ensuite la connexion et s&#8217;assurent que le niveau du signal est optimal<\/li>\n<li>Ils synchronisent le Modem pour se connecter \u00e0 Internet<\/li>\n<li>Enfin, ils s&#8217;occupent de la pose des c\u00e2bles et de la connexion du modem \u00e0 votre r\u00e9seau local<\/li>\n<\/ol>\n<p>Et voil\u00e0, vous avez acc\u00e8s \u00e0 Internet ![\/vc_column_text][vc_column_text]Contactez notre <a href=\"https:\/\/www.gosat-africa.com\/index.php\/contact-gosat\/?lang=fr\">service client\u00e8le<\/a> et laissez-les s&#8217;occuper de tout, du paiement \u00e0 la livraison.[\/vc_column_text][pt_ext__button button_text=&#8221;RESERVEZ VOTRE INSTALLATION MAINTENANT!&#8221; icon=&#8221;&#8221; text__color=&#8221;rgb(255, 255, 255)&#8221; text__bg=&#8221;rgb(90, 155, 213)&#8221; text__border_color=&#8221;rgb(90, 155, 213)&#8221; text__color__hover=&#8221;rgba(255, 255, 255, 1)&#8221; text__bg__hover=&#8221;rgb(249, 135, 42)&#8221; text__border_color__hover=&#8221;rgb(249, 135, 42)&#8221; size=&#8221;normal&#8221; align=&#8221;center&#8221; border=&#8221;full-round&#8221; extra_shadow=&#8221;shadow&#8221; extra_gradient=&#8221;&#8221; extra_fullwidth=&#8221;&#8221; extra_show_icon_on_hover=&#8221;&#8221; extra_underline=&#8221;&#8221; extra_onclick=&#8221;&#8221; typo__button=&#8221;google&#8221; typo__button__font=&#8221;font_family:Montserrat%3Aregular%2C700|font_style:700%20regular%3A700%3Anormal&#8221; mediaquery_md=&#8221;&#8221; mediaquery_sm=&#8221;&#8221; mediaquery_xs=&#8221;&#8221; animation=&#8221;&#8221; settings__border_width=&#8221;&#8221; link=&#8221;url:https%3A%2F%2Fwww.gosat-africa.com%2Findex.php%2Fcontact-gosat%2F%3Flang%3Dfr|||&#8221; el_class=&#8221;&#8221; version=&#8221;1&#8243;][pt_ext__empty_space margin_lg=&#8221;50&#8243; margin_md=&#8221;50&#8243; margin_xs=&#8221;50&#8243; el_class=&#8221;&#8221; version=&#8221;1&#8243;][\/vc_column][\/vc_row][vc_row][vc_column extend=&#8221;false&#8221;][vc_zigzag color=&#8221;custom&#8221; custom_color=&#8221;#5a9bd5&#8243;][pt_ext__empty_space margin_lg=&#8221;50&#8243; margin_md=&#8221;50&#8243; margin_xs=&#8221;50&#8243; el_class=&#8221;&#8221; version=&#8221;1&#8243;][pt_ext__button button_text=&#8221;Voir la Box GoSat&#8221; icon=&#8221;&#8221; text__color=&#8221;rgb(255, 255, 255)&#8221; text__bg=&#8221;rgb(249, 135, 42)&#8221; text__border_color=&#8221;rgb(249, 135, 42)&#8221; text__color__hover=&#8221;rgba(255, 255, 255, 1)&#8221; text__bg__hover=&#8221;rgb(90, 155, 213)&#8221; text__border_color__hover=&#8221;rgb(90, 155, 213)&#8221; size=&#8221;normal&#8221; align=&#8221;center&#8221; border=&#8221;full-round&#8221; extra_shadow=&#8221;shadow&#8221; extra_gradient=&#8221;&#8221; extra_fullwidth=&#8221;&#8221; extra_show_icon_on_hover=&#8221;&#8221; extra_underline=&#8221;&#8221; extra_onclick=&#8221;&#8221; typo__button=&#8221;google&#8221; typo__button__font=&#8221;font_family:Montserrat%3Aregular%2C700|font_style:700%20regular%3A700%3Anormal&#8221; mediaquery_md=&#8221;&#8221; mediaquery_sm=&#8221;&#8221; mediaquery_xs=&#8221;&#8221; animation=&#8221;&#8221; settings__border_width=&#8221;&#8221; link=&#8221;url:https%3A%2F%2Fwww.gosat-africa.com%2Findex.php%2Fla-box-gosat%2F%3Flang%3Dfr|||&#8221; el_class=&#8221;&#8221; version=&#8221;1&#8243;][pt_ext__empty_space margin_lg=&#8221;50&#8243; margin_md=&#8221;50&#8243; margin_xs=&#8221;50&#8243; el_class=&#8221;&#8221; version=&#8221;1&#8243;][pt_ext__button button_text=&#8221;Voir GoSat Cyber S\u00e9curit\u00e9&#8221; icon=&#8221;&#8221; text__color=&#8221;rgb(255, 255, 255)&#8221; text__bg=&#8221;rgb(249, 135, 42)&#8221; text__border_color=&#8221;rgb(249, 135, 42)&#8221; text__color__hover=&#8221;rgba(255, 255, 255, 1)&#8221; text__bg__hover=&#8221;rgb(90, 155, 213)&#8221; text__border_color__hover=&#8221;rgb(90, 155, 213)&#8221; size=&#8221;normal&#8221; align=&#8221;center&#8221; border=&#8221;full-round&#8221; extra_shadow=&#8221;shadow&#8221; extra_gradient=&#8221;&#8221; extra_fullwidth=&#8221;&#8221; extra_show_icon_on_hover=&#8221;&#8221; extra_underline=&#8221;&#8221; extra_onclick=&#8221;&#8221; typo__button=&#8221;google&#8221; typo__button__font=&#8221;font_family:Montserrat%3Aregular%2C700|font_style:700%20regular%3A700%3Anormal&#8221; mediaquery_md=&#8221;&#8221; mediaquery_sm=&#8221;&#8221; mediaquery_xs=&#8221;&#8221; animation=&#8221;&#8221; settings__border_width=&#8221;&#8221; link=&#8221;url:https%3A%2F%2Fwww.gosat-africa.com%2Findex.php%2Fcyber-securite-pour-connexion-internet%2F%3Flang%3Dfr|||&#8221; el_class=&#8221;&#8221; version=&#8221;1&#8243;][pt_ext__empty_space margin_lg=&#8221;50&#8243; margin_md=&#8221;50&#8243; margin_xs=&#8221;50&#8243; el_class=&#8221;&#8221; version=&#8221;1&#8243;][pt_ext__button button_text=&#8221;Voir GoSat WiFi&#8221; icon=&#8221;&#8221; text__color=&#8221;rgb(255, 255, 255)&#8221; text__bg=&#8221;rgb(249, 135, 42)&#8221; text__border_color=&#8221;rgb(249, 135, 42)&#8221; text__color__hover=&#8221;rgba(255, 255, 255, 1)&#8221; text__bg__hover=&#8221;rgb(90, 155, 213)&#8221; text__border_color__hover=&#8221;rgb(90, 155, 213)&#8221; size=&#8221;normal&#8221; align=&#8221;center&#8221; border=&#8221;full-round&#8221; extra_shadow=&#8221;shadow&#8221; extra_gradient=&#8221;&#8221; extra_fullwidth=&#8221;&#8221; extra_show_icon_on_hover=&#8221;&#8221; extra_underline=&#8221;&#8221; extra_onclick=&#8221;&#8221; typo__button=&#8221;google&#8221; typo__button__font=&#8221;font_family:Montserrat%3Aregular%2C700|font_style:700%20regular%3A700%3Anormal&#8221; mediaquery_md=&#8221;&#8221; mediaquery_sm=&#8221;&#8221; mediaquery_xs=&#8221;&#8221; animation=&#8221;&#8221; settings__border_width=&#8221;&#8221; link=&#8221;url:https%3A%2F%2Fwww.gosat-africa.com%2Findex.php%2Fconnexion-internet-par-satellite-en-wifi%2F%3Flang%3Dfr|||&#8221; el_class=&#8221;&#8221; version=&#8221;1&#8243;][pt_ext__empty_space margin_lg=&#8221;50&#8243; margin_md=&#8221;50&#8243; margin_xs=&#8221;50&#8243; el_class=&#8221;&#8221; version=&#8221;1&#8243;][pt_ext__button button_text=&#8221;Voir plus de services GoSat&#8221; icon=&#8221;&#8221; text__color=&#8221;rgb(255, 255, 255)&#8221; text__bg=&#8221;rgb(249, 135, 42)&#8221; text__border_color=&#8221;rgb(249, 135, 42)&#8221; text__color__hover=&#8221;rgba(255, 255, 255, 1)&#8221; text__bg__hover=&#8221;rgb(90, 155, 213)&#8221; text__border_color__hover=&#8221;rgb(90, 155, 213)&#8221; size=&#8221;normal&#8221; align=&#8221;center&#8221; border=&#8221;full-round&#8221; extra_shadow=&#8221;shadow&#8221; extra_gradient=&#8221;&#8221; extra_fullwidth=&#8221;&#8221; extra_show_icon_on_hover=&#8221;&#8221; extra_underline=&#8221;&#8221; extra_onclick=&#8221;&#8221; typo__button=&#8221;google&#8221; typo__button__font=&#8221;font_family:Montserrat%3Aregular%2C700|font_style:700%20regular%3A700%3Anormal&#8221; mediaquery_md=&#8221;&#8221; mediaquery_sm=&#8221;&#8221; mediaquery_xs=&#8221;&#8221; animation=&#8221;&#8221; settings__border_width=&#8221;&#8221; link=&#8221;url:https%3A%2F%2Fwww.gosat-africa.com%2Findex.php%2Fservices-internet-gosat%2F%3Flang%3Dfr|||&#8221; el_class=&#8221;&#8221; version=&#8221;1&#8243;][pt_ext__empty_space margin_lg=&#8221;50&#8243; margin_md=&#8221;50&#8243; margin_xs=&#8221;50&#8243; el_class=&#8221;&#8221; version=&#8221;1&#8243;][\/vc_column][\/vc_row]<\/p>\n","protected":false},"excerpt":{"rendered":"<p>[vc_row][vc_column extend=&#8221;false&#8221;][vc_column_text] Service d&#8217;Installation du Mat\u00e9riel GoSat [\/vc_column_text][vc_column_text] Comme vous le savez, GoSat vous offre\u00a0 des \u00e9quipements satellite fiables\u00a0 et une connexion Internet par satellite de qualit\u00e9. MAIS \u00c7A NE S&#8217;ARR\u00caTE PAS L\u00c0 ! L&#8217;une de nos priorit\u00e9s est de vous faciliter la vie. C&#8217;est pourquoi nos \u00e9quipes de techniciens experts assurent\u00a0l&#8217;installation de nos \u00e9quipements [&hellip;]<\/p>\n","protected":false},"author":3,"featured_media":0,"parent":0,"menu_order":0,"comment_status":"closed","ping_status":"closed","template":"","meta":[],"yoast_head":"<!-- This site is optimized with the Yoast SEO plugin v15.2 - https:\/\/yoast.com\/wordpress\/plugins\/seo\/ -->\n<title>Installation du mat\u00e9riel -Profitez de l&#039;installation de l&#039;\u00e9quipement satellite<\/title>\n<meta name=\"description\" content=\"GoSat vous facilite la vie jusqu&#039;au bout ! Nos techniciens s&#039;occupent de l&#039;installation de votre \u00e9quipement satellite en moins de 24 heures !\" \/>\n<meta name=\"robots\" content=\"index, follow, max-snippet:-1, max-image-preview:large, max-video-preview:-1\" \/>\n<link rel=\"canonical\" href=\"https:\/\/www.gosat-africa.com\/index.php\/installation-equipement-satellite\/\" \/>\n<meta property=\"og:locale\" content=\"en_US\" \/>\n<meta property=\"og:type\" content=\"article\" \/>\n<meta property=\"og:title\" content=\"Installation du mat\u00e9riel -Profitez de l&#039;installation de l&#039;\u00e9quipement satellite\" \/>\n<meta property=\"og:description\" content=\"GoSat vous facilite la vie jusqu&#039;au bout ! Nos techniciens s&#039;occupent de l&#039;installation de votre \u00e9quipement satellite en moins de 24 heures !\" \/>\n<meta property=\"og:url\" content=\"https:\/\/www.gosat-africa.com\/index.php\/installation-equipement-satellite\/\" \/>\n<meta property=\"og:site_name\" content=\"GoSat\" \/>\n<meta property=\"article:publisher\" content=\"https:\/\/www.facebook.com\/GosatCameroon\/\" \/>\n<meta property=\"article:modified_time\" content=\"2019-08-09T13:27:22+00:00\" \/>\n<meta name=\"twitter:card\" content=\"summary_large_image\" \/>\n<meta name=\"twitter:creator\" content=\"@gosatcameroon\" \/>\n<meta name=\"twitter:site\" content=\"@gosatcameroon\" \/>\n<meta name=\"twitter:label1\" value=\"Written by\">\n\t<meta name=\"twitter:data1\" value=\"\">\n\t<meta name=\"twitter:label2\" value=\"Est. reading time\">\n\t<meta name=\"twitter:data2\" value=\"4 minutes\">\n<script type=\"application\/ld+json\" class=\"yoast-schema-graph\">{\"@context\":\"https:\/\/schema.org\",\"@graph\":[{\"@type\":\"Organization\",\"@id\":\"http:\/\/www.gosat-africa.com\/#organization\",\"name\":\"GOSAT\",\"url\":\"http:\/\/www.gosat-africa.com\/\",\"sameAs\":[\"https:\/\/www.facebook.com\/GosatCameroon\/\",\"https:\/\/www.linkedin.com\/company\/afrikanet\/\",\"https:\/\/www.youtube.com\/channel\/UCmLC9kitSpujcbajdlF-xWw\",\"https:\/\/twitter.com\/gosatcameroon\"],\"logo\":{\"@type\":\"ImageObject\",\"@id\":\"http:\/\/www.gosat-africa.com\/#logo\",\"inLanguage\":\"en-US\",\"url\":\"https:\/\/www.gosat-africa.com\/wp-content\/uploads\/2018\/06\/logoGosat.png\",\"width\":261,\"height\":110,\"caption\":\"GOSAT\"},\"image\":{\"@id\":\"http:\/\/www.gosat-africa.com\/#logo\"}},{\"@type\":\"WebSite\",\"@id\":\"http:\/\/www.gosat-africa.com\/#website\",\"url\":\"http:\/\/www.gosat-africa.com\/\",\"name\":\"GoSat\",\"description\":\"Quality Internet Connection\",\"publisher\":{\"@id\":\"http:\/\/www.gosat-africa.com\/#organization\"},\"potentialAction\":[{\"@type\":\"SearchAction\",\"target\":\"http:\/\/www.gosat-africa.com\/?s={search_term_string}\",\"query-input\":\"required name=search_term_string\"}],\"inLanguage\":\"en-US\"},{\"@type\":\"WebPage\",\"@id\":\"https:\/\/www.gosat-africa.com\/index.php\/installation-equipement-satellite\/#webpage\",\"url\":\"https:\/\/www.gosat-africa.com\/index.php\/installation-equipement-satellite\/\",\"name\":\"Installation du mat\\u00e9riel -Profitez de l'installation de l'\\u00e9quipement satellite\",\"isPartOf\":{\"@id\":\"http:\/\/www.gosat-africa.com\/#website\"},\"datePublished\":\"2019-03-18T10:42:11+00:00\",\"dateModified\":\"2019-08-09T13:27:22+00:00\",\"description\":\"GoSat vous facilite la vie jusqu'au bout ! Nos techniciens s'occupent de l'installation de votre \\u00e9quipement satellite en moins de 24 heures !\",\"breadcrumb\":{\"@id\":\"https:\/\/www.gosat-africa.com\/index.php\/installation-equipement-satellite\/#breadcrumb\"},\"inLanguage\":\"en-US\",\"potentialAction\":[{\"@type\":\"ReadAction\",\"target\":[\"https:\/\/www.gosat-africa.com\/index.php\/installation-equipement-satellite\/\"]}]},{\"@type\":\"BreadcrumbList\",\"@id\":\"https:\/\/www.gosat-africa.com\/index.php\/installation-equipement-satellite\/#breadcrumb\",\"itemListElement\":[{\"@type\":\"ListItem\",\"position\":1,\"item\":{\"@type\":\"WebPage\",\"@id\":\"https:\/\/www.gosat-africa.com\/\",\"url\":\"https:\/\/www.gosat-africa.com\/\",\"name\":\"Home\"}},{\"@type\":\"ListItem\",\"position\":2,\"item\":{\"@type\":\"WebPage\",\"@id\":\"https:\/\/www.gosat-africa.com\/index.php\/installation-equipement-satellite\/\",\"url\":\"https:\/\/www.gosat-africa.com\/index.php\/installation-equipement-satellite\/\",\"name\":\"Installation du mat\\u00e9riel\"}}]}]}<\/script>\n<!-- \/ Yoast SEO plugin. -->","_links":{"self":[{"href":"https:\/\/www.gosat-africa.com\/index.php\/wp-json\/wp\/v2\/pages\/4173"}],"collection":[{"href":"https:\/\/www.gosat-africa.com\/index.php\/wp-json\/wp\/v2\/pages"}],"about":[{"href":"https:\/\/www.gosat-africa.com\/index.php\/wp-json\/wp\/v2\/types\/page"}],"author":[{"embeddable":true,"href":"https:\/\/www.gosat-africa.com\/index.php\/wp-json\/wp\/v2\/users\/3"}],"replies":[{"embeddable":true,"href":"https:\/\/www.gosat-africa.com\/index.php\/wp-json\/wp\/v2\/comments?post=4173"}],"version-history":[{"count":0,"href":"https:\/\/www.gosat-africa.com\/index.php\/wp-json\/wp\/v2\/pages\/4173\/revisions"}],"wp:attachment":[{"href":"https:\/\/www.gosat-africa.com\/index.php\/wp-json\/wp\/v2\/media?parent=4173"}],"curies":[{"name":"wp","href":"https:\/\/api.w.org\/{rel}","templated":true}]}}